{"id":907,"date":"2025-08-04T13:47:14","date_gmt":"2025-08-04T13:47:14","guid":{"rendered":"https:\/\/inteckno.com\/?post_type=proyecto&#038;p=907"},"modified":"2026-01-16T03:36:38","modified_gmt":"2026-01-16T03:36:38","slug":"consultoria-linea-cafe-seccion-2","status":"publish","type":"proyecto","link":"https:\/\/inteckno.com\/en\/proyecto\/consultoria-linea-cafe-seccion-2\/","title":{"rendered":"L\u00ednea Caf\u00e9 Section 2"},"content":{"rendered":"<p>The urban cable car network of La Paz and El Alto currently comprises 10 lines operated and maintained by Empresa Estatal de Transporte por Cable \u201cMi Telef\u00e9rico\u201d, making it the most extensive and iconic urban cable car network in the world. Directly integrated with the urban structure and social fabric of both cities, it has reduced travel times, connected historically isolated areas, and improved the daily mobility of hundreds of thousands of users.<\/p>\n\n\n\n<p><strong>In this context, INTECKNO developed the Electromechanical and Civil Works Pre-Feasibility Study for Phase 2 of the L\u00ednea Caf\u00e9, through which the necessary technical studies were carried out at the pre-feasibility level in accordance with the requirements of European and local regulations, which included:<\/strong><\/p>\n\n\n\n<ul class=\"wp-block-list\">\n<li class=\"translation-block\"><strong>System dimensions:<\/strong> Layout, terrain, climate, urban obstacles, land availability.<\/li>\n\n\n\n<li><strong>Line Topography:<\/strong> A topography was developed along the route proposed by the Cable Transport Company \u2013 Mi Telef\u00e9rico for the Secion 2 of the L\u00ednea Caf\u00e9 Cable Car.<\/li>\n\n\n\n<li class=\"translation-block\"><strong>Customer needs:<\/strong> Transport capacity provided by the supporting documents that will be delivered by the Cable Transport Company \u2013 Mi Telef\u00e9rico, hours of operation, system availability, among others.<\/li>\n\n\n\n<li class=\"translation-block\"><strong>User needs:<\/strong> Areas of influence, demand, peak\/off-peak hours.<\/li>\n\n\n\n<li class=\"translation-block\"><strong>Technological availability:<\/strong> Evaluation of the technological offer of the manufacturers of cable transport systems of the Cable Transport Company \u2013 Mi Telef\u00e9rico and of other cities in Latin America.<\/li>\n\n\n\n<li><strong>Line Calculations:<\/strong> Determining the following characteristics of the line:\n<ul class=\"wp-block-list\">\n<li>Number of vehicles.<\/li>\n\n\n\n<li>Number of towers.<\/li>\n\n\n\n<li>Horizontal length and inclined length.<\/li>\n\n\n\n<li>Type of drive.<\/li>\n\n\n\n<li>Estimated power of the drive engine.<\/li>\n\n\n\n<li>Longitudinal profile of the line<\/li>\n<\/ul>\n<\/li>\n\n\n\n<li class=\"translation-block\"><strong>Technological improvements:<\/strong> In accordance with the other cable car lines installed in La Paz and El Alto, improvements were identified that could be applied to the design of Phase 2 of the L\u00ednea Caf\u00e9 Cable Car, adjusting the technical specifications for the contracting of the design and construction of the system.<\/li>\n<\/ul>\n\n\n\n<p><\/p>\n\n\n\n<p>In addition, a basic design of the civil works component was carried out through the development at the level of architectural pre-design with the presentation of plans and sections of the stations and garage of the system.<\/p>\n\n\n\n<p><br>Through these studies, the reference price of the project that includes the implementation of the Phase II Coffee Line Project was established.<\/p>","protected":false},"featured_media":1379,"template":"","meta":{"_acf_changed":false},"class_list":["post-907","proyecto","type-proyecto","status-publish","has-post-thumbnail","hentry"],"acf":[],"_links":{"self":[{"href":"https:\/\/inteckno.com\/en\/wp-json\/wp\/v2\/proyecto\/907","targetHints":{"allow":["GET"]}}],"collection":[{"href":"https:\/\/inteckno.com\/en\/wp-json\/wp\/v2\/proyecto"}],"about":[{"href":"https:\/\/inteckno.com\/en\/wp-json\/wp\/v2\/types\/proyecto"}],"wp:featuredmedia":[{"embeddable":true,"href":"https:\/\/inteckno.com\/en\/wp-json\/wp\/v2\/media\/1379"}],"wp:attachment":[{"href":"https:\/\/inteckno.com\/en\/wp-json\/wp\/v2\/media?parent=907"}],"curies":[{"name":"wp","href":"https:\/\/api.w.org\/{rel}","templated":true}]}}

Línea Café Section 2

<p>The urban cable car network of La Paz and El Alto currently comprises 10 lines operated and maintained by Empresa Estatal de Transporte por Cable “Mi Teleférico”, making it the most extensive and iconic urban cable car network in the world. Directly integrated with the urban structure and social fabric of both cities, it has reduced travel times, connected historically isolated areas, and improved the daily mobility of hundreds of thousands of users.</p>



<p><strong>In this context, INTECKNO developed the Electromechanical and Civil Works Pre-Feasibility Study for Phase 2 of the Línea Café, through which the necessary technical studies were carried out at the pre-feasibility level in accordance with the requirements of European and local regulations, which included:</strong></p>



<ul class="wp-block-list">
<li class="translation-block"><strong>System dimensions:</strong> Layout, terrain, climate, urban obstacles, land availability.</li>



<li><strong>Line Topography:</strong> A topography was developed along the route proposed by the Cable Transport Company – Mi Teleférico for the Secion 2 of the Línea Café Cable Car.</li>



<li class="translation-block"><strong>Customer needs:</strong> Transport capacity provided by the supporting documents that will be delivered by the Cable Transport Company – Mi Teleférico, hours of operation, system availability, among others.</li>



<li class="translation-block"><strong>User needs:</strong> Areas of influence, demand, peak/off-peak hours.</li>



<li class="translation-block"><strong>Technological availability:</strong> Evaluation of the technological offer of the manufacturers of cable transport systems of the Cable Transport Company – Mi Teleférico and of other cities in Latin America.</li>



<li><strong>Line Calculations:</strong> Determining the following characteristics of the line:
<ul class="wp-block-list">
<li>Number of vehicles.</li>



<li>Number of towers.</li>



<li>Horizontal length and inclined length.</li>



<li>Type of drive.</li>



<li>Estimated power of the drive engine.</li>



<li>Longitudinal profile of the line</li>
</ul>
</li>



<li class="translation-block"><strong>Technological improvements:</strong> In accordance with the other cable car lines installed in La Paz and El Alto, improvements were identified that could be applied to the design of Phase 2 of the Línea Café Cable Car, adjusting the technical specifications for the contracting of the design and construction of the system.</li>
</ul>



<p></p>



<p>In addition, a basic design of the civil works component was carried out through the development at the level of architectural pre-design with the presentation of plans and sections of the stations and garage of the system.</p>



<p><br>Through these studies, the reference price of the project that includes the implementation of the Phase II Coffee Line Project was established.</p>
